4)*w. Let s(q) be the first derivative of -q**3/3 - q**2 + q + 1. Give s(y).
1
Let g(y) = -12*y**2 + y + 12*y**2 + y**3 - 4*y - 5*y**2 + 1 + 7*y. Let t be 1/((-2)/(-4)) + 2. What is g(t)?
1
Let t be (-1)/((-2)/(-4)*-2). Suppose -3*s - 7 = -t. Let d(u) = 4*u + 1. What is d(s)?
-7
Let i(f) = -f**2 - 2. Suppose -3*w + 8*w = -2*o - 4, -w = o - 1. Suppose o*p = 2*q + 3, 3*p + q - 2 = 1. Let r be (3 + p)/(0 + 2). What is i(r)?
-6
Let d(z) = -z**2 - 13*z + 2. Let a be d(-13). Let u(g) = -9*g - 7 - 6*g**a - g**3 + 15*g - 14*g. Calculate u(-5).
8
Let n(t) = t + 5. Let f be (-22)/6 - (-12)/(-36). Calculate n(f).
1
Let h(w) = w**2 - 6*w - 2. Let l be h(7). Let p = l - 9. Let y(g) = g**2 + 3*g - 5. What is y(p)?
-1
Suppose 0 = 4*b + 8 + 8. Let c(a) = -a**2 + a + 2. Let z(t) = -t + 1. Let k(p) = c(p) + 2*z(p). Calculate k(b).
-8
Let z be (-16)/6 - (-2)/3. Let o be (-4)/z + -3 + 1. Let v(n) be the third derivative of n**5/60 + n**4/24 + 2*n**3/3 + 80*n**2. Give v(o).
4
Let f(h) = -h + 8. Let q be -76*(-2 + -1)/12. Let z = q + -19. Determine f(z).
8
Suppose 0 = -7*p + 2*p + 3*h + 25, h = -5. Let x(r) = -1 + 2 - 2*r + r + p*r. Give x(5).
6
Let v(x) = -2*x - 4. Suppose -3*s - 3*d - 12 = 0, 15 = -s - 3*s - 5*d. What is v(s)?
6
Let o = 1 - -1. Let j(f) be the third derivative of -f**6/120 + f**5/60 - f**4/12 + f**3/6 - 26*f**2 + 2*f. Give j(o).
-7
Let c(p) = p**2 - 1. Let r be c(-3). Let t = 13 - r. Let k(h) be the first derivative of h**4/4 - 5*h**3/3 + h**2/2 + 1. Calculate k(t).
5
Let p(t) = -t + 2. Let i(z) = -z**2 + 2. Let o be i(-2). Suppose 5 = 4*j + j. Let c be o + (1 + 5)*j. Give p(c).
-2
Let o = 3 + 0. Let z(u) be the first derivative of 2*u**2 - 7*u + 1 + 1/3*u**o. Determine z(-5).
-2
Let l(i) = i - 7. Suppose -5 = -b - 5*x, 5*x + 24 + 1 = 5*b. Let y = -1 + b. What is l(y)?
-3
Let c(n) be the second derivative of -n**6/360 - 7*n**5/120 - n**4/8 - n**3/6 - n. Let z(q) be the second derivative of c(q). Calculate z(-5).
7
Let c(k) = -k**2 - 6 + 1 + 5 + 1. Calculate c(-1).
0
Let i = 2 - 5. Let o(m) = m**2 + m - 1. Let k(h) = -5*h**2 - 2*h + 5. Let d(b) = -k(b) - 6*o(b). Determine d(i).
4
Let j(r) = r. Suppose -4*k = 10 - 2. Let q be 27/6 + k/(-4). Calculate j(q).
5
Let q = 12 - -3. Suppose 6 = 3*g - 0, -3*x = 2*g - 7. Suppose -4*c - q = x. Let m(f) = -f - 3. Calculate m(c).
1
Let k(v) = -v**2 + 2*v + 1. Let r be (4/10)/(1/(-5)). Let o = r + 1. What is k(o)?
-2
Let a(o) = -o**2 + 11*o - 3. Suppose 0 = -2*g + 3*g - 8. What is a(g)?
21
Let m(z) be the second derivative of -2*z + 3*z**2 + 7/6*z**3 + 1/12*z**4 + 0. Calculate m(-5).
-4
Let l(q) = -q**3 - q**2 + q + 8. Let s(y) = 3*y + 42. Let c be s(-14). Give l(c).
8
Let d(s) = -s**2. Let m(b) = 6*b**2 - b + 4. Let h(p) = 5*d(p) + m(p). Let w = 6 + -6. Let j be h(w). Let k(a) = -a - 1. Give k(j).
-5
Let p(o) be the second derivative of o + o**2 + 1/6*o**4 + 0 - 5/6*o**3. Calculate p(3).
5
Let f(y) = -7*y**2 + 6*y + 13. Let g(z) = -3*z**2 + 3*z + 6. Let a(v) = -4*f(v) + 9*g(v). Give a(-2).
0
Let o(r) = r**2 - 3. Suppose -3*i + 76 = -0*u + 2*u, 0 = u - 4*i - 16. Let c be (-2)/9 + u/144. Give o(c).
-3
Let l be 2 + 0 + (0 - -2). Suppose -4 = -4*d + l. Let u(n) = n**3 - 2*n**2 + 2*n + 1. What is u(d)?
5
Let k(y) = -y**3 + 3*y**2 + 5*y - 1. Let l(u) = u**3 + u**2 + u + 4. Let b be l(0). Let c be k(b). Let g(i) = 0*i + c - i + 0*i. Determine g(4).
-1
Let z(c) be the second derivative of c**3/3 - c**2 - 4*c. Calculate z(-2).
-6
Let b(i) = -i**3 - 5*i**2 + 5*i - 3. Let y be b(-6). Let s(h) = h**3 - 4*h**2 + 3*h + 2. Calculate s(y).
2
Let i be 20/2 - (-1 + 2). Let k be (-40)/(-15)*i/(-6). Let l(b) = b**2 + 3*b - 3. Give l(k).
1
Let h be 2/4 - (-2)/4. Let v(n) be the third derivative of -1/8*n**4 + 0 - 3*n**2 + 0*n + 0*n**3. Determine v(h).
-3
Let f(g) = -g**3 - 6*g**2 + 7*g. Let p be f(-7). Let m(c) = -c**3 + 3. Calculate m(p).
3
Let n = 0 + 6. Let g = 3 - n. Let z(h) be the third derivative of -h**6/120 - h**5/15 + h**3/2 + 3*h**2. What is z(g)?
-6
Let r(q) = 2*q**2 - q - 1. Suppose 4*k - 17 - 11 = 0. Let g(w) = w**2 - 7*w + 2. Let y be g(k). Determine r(y).
5
Let i = 4 + 1. Let n(b) = b**3 - 2*b**2 + 2*b + 5. Let y(l) = l**3 - 3*l**2 + l + 5. Let q(f) = 2*n(f) - 3*y(f). Give q(i).
0
Let f(p) = -p**2 - 1. Let g = -7 - -4. Let x = 8 + g. Suppose -5 = -x*h + 5. What is f(h)?
-5
Let q(s) = -5*s + s + 1 + 5*s. Give q(-6).
-5
Let m(h) = -4*h**2 + 3*h + 3. Let f = -12 - -16. Let s(g) = 3*g**2 - 2*g - 2. Let k(a) = f*m(a) + 5*s(a). Give k(3).
-1
Let v(b) be the first derivative of b**2/2 - 8*b - 14. What is v(6)?
-2
Let g(k) be the first derivative of k**5/60 - k**4/24 - k**3 + 2*k**2 + 4. Let m(n) be the second derivative of g(n). What is m(0)?
-6
Let x(f) = -f - 3. Suppose -13 + 40 = 3*c. Let y be (13 + -1)*3/c. What is x(y)?
-7
Let y(o) be the first derivative of 5*o**4/12 + o**2/2 - 2*o - 1. Let u(i) be the first derivative of y(i). Suppose v + v = 2. Determine u(v).
6
Let i be 2/7 - 38/(-14). Let m(f) = -f + 4. Let q(x) = -5*x + 9. Let c(k) = -k + 1. Let a(j) = -4*c(j) + q(j). Let z(d) = i*a(d) - 4*m(d). Determine z(-5).
-6
Let r be (-6)/3 - (-5 + 1). Suppose -o = -r - 0. Suppose 4*f - 8 = -4*d, 1 = o*f - 3*d + 2. Let u(b) = -2*b**2. What is u(f)?
-2
Let v(t) = 4*t + 0*t - 1 - t. Let a(r) = -r**3 - 15*r**2 - 13*r + 16. Let l be a(-14). Calculate v(l).
5
Suppose -11 = -4*a - o, -29 + 6 = -4*a - 5*o. Let b be 36/(-15) + a/5. Let t be 13/(-4) + b/(-8). Let j(g) = g**3 + 3*g**2 - 2*g - 3. Determine j(t).
3
Let x be ((-17)/68)/(1/(-28)*1). Let g(d) = d - 1. Calculate g(x).
6
Let z(h) = -h**2 - 2*h - 3. Let r(f) = -3*f**2 - 5*f - 8. Let m(s) = 4*r(s) - 11*z(s). Let c(q) = -24*q. Let i be c(-3). Let n be i/42 + 2/7. Calculate m(n).
1
Let k(s) = -2*s**3 + 3*s**3 - 10 + 5 - 5*s**2 + 2*s. Give k(4).
-13
Suppose 4*g - 15 = s, -2*g + 3*g = 4*s. Let h(u) = 13*u**2 - u. Calculate h(s).
12
Let s(t) = -t**3 + t**2 + t + 1. Let n = 7 + -8. Let i(h) = -6*h**3 + 5*h**2 + 4*h. Let f(o) = n*i(o) + 5*s(o). Let z = 2 + -2. What is f(z)?
5
Let d = -5 + 16. Let b(h) = 2*h - 7*h + 14*h**2 + h**3 + 1 - d*h**2. Give b(-4).
5
Let p(i) = i**2 - 5*i - 4. Let a(u) = u**2 - 3*u - 3. Let w(f) = -7*a(f) + 5*p(f). Suppose 0*g + 6 = -2*g. Let q be w(g). Let m(k) = k + 11. What is m(q)?
6
Suppose -3*n = n. Let q be -1 + 2 + 0 + n. Let y(h) = 1 - 2 + h - 1. Give y(q).
-1
Let z(y) = y**2 + 9*y - 2. Let w be z(-9). Let h be 10/(-2) + w + 2. Let r(s) = -s**2 - 4*s + 4. Determine r(h).
-1
Let y be 133/(-95) + 2/5. Let g(p) = 9*p**2 + p. Give g(y).
8
Let m(f) = f**2 - 10*f + 12. Let p be 2/(((-14)/(-8))/7). Give m(p).
-4
Let m(x) be the first derivative of x**3/3 - x**2 - 3*x + 2. Suppose 0*p = -3*p - 6. Determine m(p).
5
Let k(v) = -v + 1. Let m(z) = 5*z - 5. Let j(q) = 4*k(q) + m(q). Let l be 4*1/(-18) - (-87)/27. Give j(l).
2
Let y(d) be the first derivative of d**2/2 + 4*d - 7. Determine y(-4).
0
Let t(x) = x**3 - 4*x**2 + x. Suppose -15 = -5*r + 5. What is t(r)?
4
Let g(t) = -t**3 - 12*t**2 - 13*t - 15. Suppose -44 = -4*m + 8*m. Determine g(m).
7
Suppose t = -5, t = 3*r - 3*t - 32. Let g(s) = 2*s - 2. What is g(r)?
6
Let u(d) = d**3 + 4*d**2 - 3*d - 6. Let a(x) = 2*x - 7. Let h be a(6). Suppose n = -h + 1. Calculate u(n).
6
Suppose -4 = 6*n - 10*n. Let a be (n - -1)/((-12)/(-30)). Let f(j) = 3*j - 4*j + 4*j + 6 - j**2. What is f(a)?
-4
Let a(r) = -23*r**2 - 38*r + 2. Let f(m) = -8*m**2 - 13*m + 1. Let l(v) = -6*a(v) + 17*f(v). Calculate l(-4).
9
Let s be -3 + 6*3/(-6). Let q(k) = 2*k**2 - 3*k + 3. Let v(w) = -w**2 + 4*w - 3. Let a(r) = 2*q(r) + 3*v(r). Calculate a(s).
-3
Suppose -4*j - j + 3*r - 92 = 0, -4*j = -3*r + 73. Let o = -17 - j. Let k(c) = c**2 + c + 1. What is k(o)?
7
Let f(o) be the second derivative of o**3/3 - 4*o. What is f(1)?
2
Let w(n) = 2*n + 2. Let x(z) = -z**3 + 3*z**2 - 2*z - 2. Let j be x(2). Calculate w(j).
-2
Let u(a) be the third derivative of 0 + 7/24*a**4 + 0*a**3 + 7*a**2 + 1/60*a**5 + 0*a. Determine u(-4).
-12
Let a(s) = -s - 6. Let i be a(0). Let g(k) = -3 - 1 - 5*k - 2*k + 1 - k**2. Give g(i).
3
Let i(f) = -3 - 7*f + 0*f - 5*f**2 + 8 + f + f**3. Suppose 24 = 5*x - 6. Calculate i(x).
5
Let j(y) = 8*y**2 - 1. Let m = -115 + 114. What is j(m)?
7
Let o be (-5)/(2 - (2 - -1)). Let n(l) be the second derivative of l**4/12 - l**3 